 31. Determine x(10).
-21
Let u(v) = -8*v**2 + 27*v. Determine u(3).
9
Let a(o) = 10*o - 50. Determine a(14).
90
Let d(r) = -r**3 - 6*r**2 + 9*r + 4. Determine d(-7).
-10
Let y(h) = h**3 + 2*h**2 - 47*h - 4. Calculate y(-8).
-12
Let i(r) = 4*r + 74. Give i(-18).
2
Let m(u) = -2*u**2 + 2. Determine m(4).
-30
Let s(k) = -k**3 + 6*k**2 - 11*k + 9. Give s(4).
-3
Let j(b) = b**3 - 5*b**2 - b + 6. Give j(5).
1
Let z(q) = -10*q**3 + q**2 + q + 1. Give z(-1).
11
Let f(n) = 10*n - 294. Calculate f(29).
-4
Let l(o) = o**3 - o**2 - 4*o + 5. What is l(3)?
11
Let f(r) = 2*r**2 - 2*r - 4. Give f(-3).
20
Let b(k) = 3*k - 14. Determine b(3).
-5
Let o(i) = -i**3 + 12*i**2 + 6. Give o(12).
6
Let s(x) = x - 1. What is s(9)?
8
Let m(d) = -d**2 - 6*d + 10. Give m(-7).
3
Let c(h) = -h**3 - 5*h**2 - 3*h + 4. What is c(-4)?
0
Let v(y) = -6*y + 16. Give v(8).
-32
Let u(h) = -h**3 + 2*h**2 - 4*h + 5. What is u(4)?
-43
Let c(o) = o**2 - 15*o - 2. What is c(15)?
-2
Let o(m) = 2*m + 8. Determine o(-10).
-12
Let a(l) = l**3 + 11*l**2 + 12*l + 15. What is a(-10)?
-5
Let g(o) = -18*o**2 - 2*o - 1. Calculate g(-1).
-17
Let l(m) = -m**3 + 5*m - 6. Give l(3).
-18
Let n(z) = 6*z - 19. Determine n(4).
5
Let g(m) = 2*m**2 - 15*m - 9. Determine g(7).
-16
Let l(u) = u**2 - 6*u - 3. What is l(6)?
-3
Let p(h) = 2*h**2 + 41*h + 189. Determine p(-8).
-11
Let l(g) = 2*g + 9. Determine l(-7).
-5
Let i(m) = -7*m**2 + 5*m + 6. Calculate i(-1).
-6
Let s(b) = b**3 - 17*b**2 - 20*b + 19. Calculate s(18).
-17
Let l(s) = 2*s**2 - 14*s - 32. What is l(12)?
88
Let x(k) = 3*k + 1. Calculate x(-2).
-5
Let u(g) = -9*g - 2. Calculate u(9).
-83
Let t(a) = 2*a + 1. Calculate t(1).
3
Let t(b) = -b**2 - 4*b - 6. What is t(-4)?
-6
Let q(k) = -k**3 - 15*k**2 + 2*k + 25. Determine q(-15).
-5
Let g(p) = 4*p - 9. Give g(-4).
-25
Let l(s) = -9*s**2 - 135*s - 8. Determine l(-15).
-8
Let y(n) = n - 14. What is y(8)?
-6
Let w(d) = -23*d + 18. Determine w(7).
-143
Let k(t) = 2*t**3 - 11*t**2 - 8*t + 19. Calculate k(6).
7
Let t(i) = -4*i**3 + 164*i**2 - 10. Give t(41).
-10
Let w(k) = k**3 + 18*k**2 - k - 22. What is w(-18)?
-4
Let n(v) = v**2 + 17*v + 41. Give n(-14).
-1
Let n(q) = -8*q - 3. Give n(-1).
5
Let v(u) = -u**3 - 9*u**2 - 10*u - 8. Calculate v(-8).
8
Let t(s) = -3*s - 1. Calculate t(2).
-7
Let z(i) = -15*i - 26. What is z(-4)?
34
Let w(b) = -b**2 + 4*b + 7. Determine w(-2).
-5
Let p(x) = 13*x - 99. Determine p(8).
5
Let t(a) = a**3 - 8*a**2 - 2*a + 2. Determine t(8).
-14
Let r(g) = -g**2 + 17*g - 21. Determine r(15).
9
Let w(b) = -b**3 + 9*b**2 + 5*b - 20. What is w(9)?
25
Let v(u) = -2*u + 26. Determine v(5).
16
Let p(j) = -4*j - 44. Give p(-10).
-4
Let f(z) = 8*z - 156. Calculate f(19).
-4
Let a(j) = -4*j - 43. What is a(-9)?
-7
Let b(n) = -n**2 - 9*n - 6. Give b(-12).
-42
Let i(f) = 2*f**3 + 3*f**2 - 2*f - 1. What is i(-3)?
-22
Let p(d) = -8*d + 5. Calculate p(1).
-3
Let y(w) = w**2 + 6*w - 1. Calculate y(-3).
-10
Let i(p) = -18*p - 2. Give i(-1).
16
Let f(l) = 4*l**2 - 17*l + 4. Determine f(4).
0
Let d(z) = 4*z - 4. Give d(3).
8
Let w(l) = -l**3 - 7*l**2 + 10*l + 9. Calculate w(-8).
-7
Let n(l) = -l**3 + 5*l**2 - 5*l + 2. What is n(4)?
-2
Let p(o) = -o**3 - 51*o**2 + 50*o - 105. Calculate p(-52).
-1
Let t(y) = 22*y**3 - 2*y + 1. Give t(1).
21
Let m(o) = o**2 - 7*o + 5. Calculate m(7).
5
Let y(x) = x**3 + 38*x**2 + 31*x - 225. Give y(-37).
-3
Let c(y) = -18*y + 41. Determine c(2).
5
Let l(c) = -c**2 + 4*c + 7. Determine l(5).
2
Let c(o) = -2*o + 57. Give c(30).
-3
Let z(n) = -2*n**2 - 8*n + 7. Determine z(-5).
-3
Let a(n) = n. Give a(6).
6
Let v(u) = -u**3 - 3*u**2 - 4*u - 5. Calculate v(-2).
-1
Let t(y) = 4*y**2 - 2*y + 3. Calculate t(3).
33
Let z(j) = 66*j - 1193. What is z(18)?
-5
Let p(c) = -c**3 + 4*c**2 - c - 1. Give p(5).
-31
Let y(a) = -2*a - 6. Give y(-5).
4
Let h(u) = -4*u - 11. Determine h(-6).
13
Let m(x) = -147*x + 888. What is m(6)?
6
Let i(u) = 2*u**2 + 9*u + 11. Calculate i(-4).
7
Let q(t) = t**3 - 7*t**2 - 5*t - 16. Determine q(8).
8
Let u(i) = 6*i + 81. Determine u(-20).
-39
Let u(z) = -z**3 + 8*z**2 + 4*z + 10. Determine u(9).
-35
Let r(a) = -a**3 + 10*a**2 - 11*a - 7. Determine r(9).
-25
Let m(q) = -6*q**3 - q**2 + 2*q + 3. What is m(-2)?
43
Let s(o) = o - 17. Calculate s(8).
-9
Let h(s) = 2*s**2 - 27*s + 15. Determine h(13).
2
Let s(n) = 2*n - 1. Determine s(2).
3
Let y(o) = 2*o**2 + 10*o + 2. Determine y(-4).
-6
Let l(f) = 86*f**2 + 2*f. Give l(1).
88
Let a(s) = -s + 21. Give a(6).
15
Let j(b) = -b**2 - 3*b + 6. Calculate j(-6).
-12
Let o(p) = 13*p - 322. What is o(25)?
3
Let n(z) = -2*z**2 - 2*z + 54. Give n(-6).
-6
Let x(b) = b**3 - 7*b**2 + 2*b - 7. Calculate x(5).
-47
Let v(j) = -j + 32. Give v(-10).
42
Let y(d) = d**3 + 5*d**2 - 3*d. Determine y(-4).
28
Let o(m) = 5*m + 8. Determine o(-4).
-12
Let g(f) = f**2 + 12*f - 11. Give g(-13).
2
Let h(t) = t**3 - 37*t**2 + 37*t - 50. Give h(36).
-14
Let h(g) = -g**3 + 6*g**2 - 10*g + 17. Calculate h(4).
9
Let a(l) = -58*l - 168. Calculate a(-3).
6
Let o(b) = -40*b - 1. What is o(1)?
-41
Let m(w) = 9*w - 28. Give m(3).
-1
Let l(x) = x**2 + 10*x + 20. Determine l(-7).
-1
Let p(n) = n**3 + 32*n**2 + 133*n - 49. Calculate p(-27).
5
Let p(g) = g**3 - 5*g**2 - 9*g + 24. Calculate p(6).
6
Let m(o) = 13*o - 15. Give m(5).
50
Let y(n) = -2*n - 42. Calculate y(18).
-78
Let x(s) = 2*s - 11. Determine x(6).
1
Let g(y) = 11*y - 68. Calculate g(6).
-2
Let b(h) = -h - 30. What is b(-23)?
-7
Let j(f) = 3*f + 67. Calculate j(-21).
4
Let c(q) = -q**2 + 5*q + 85. Determine c(-7).
1
Let l(f) = -3*f - 6. What is l(-3)?
3
Let n(c) = 13*c + 187. What is n(-14)?
5
Let o(f) = 14*f**2 + 264*f - 38. Calculate o(-19).
0
Let x(c) = 11*c + 4. Calculate x(0).
4
Let h(b) = -4*b**2 - 61*b + 44. Calculate h(-16).
-4
Let d(u) = -2*u**3 + 2*u**2 + 5*u - 7. Determine d(2).
-5
Let b(m) = 7*m - 91. Give b(24).
77
Let h(j) = j**2 + 26*j - 25. Calculate h(-29).
62
Let i(y) = -y**3 + 8*y**2 - 4*y + 84. Give i(9).
-33
Let n(c) = 51*c + 2. Determine n(1).
53
Let t(m) = -m + 3. Give t(-8).
11
Let o(r) = 2*r**2 + 4*r - 32. Give o(0).
-32
Let m(f) = -6*f**2 + 12*f + 5. Determine m(5).
-85
Let d(t) = -t**3 + 6*t**2 - 4*t + 11. Give d(6).
-13
Let f(m) = -2*m**3 + 20*m**2 - 9*m + 24. What is f(10)?
-66
Let n(d) = -d**3 + 16*d**2 + 2. Calculate n(16).
2
Let a(c) = c**2 - 16*c + 23. Give a(15).
8
Let m(d) = d**2 + 14*d + 13. Calculate m(-13).
0
Let d(b) = b**3 - 5*b**2 + 3*b + 1. Calculate d(5).
16
Let k(t) = -t**3 - t - 7. What is k(0)?
-7
Let b(g) = -4*g + 4. What is b(3)?
-8
Let y(b) = b**3 - 7*b**2 - 20*b + 13. What is y(9)?
-5
Let m(z) = -6*z + 11. What is m(4)?
-13
Let w(h) = h + 5. Determine w(5).
10
Let j(a) = -18*a - 6. Calculate j(2).
-42
Let y(n) = 2*n**3 + n**2 - 15*n + 15. Give y(1).
3
Let h(n) = -6*n - 6. Calculate h(0).
-6
Let x(b) = -b**2 - 31*b - 13. Give x(-30).
17
Let y(f) = 17*f - 10. Calculate y(-2).
-44
Let i(w) = -2*w - 42. Determine i(-19).
-4
Let g(b) = -b + 2. Determine g(-10).
12
Let n(f) = -54*f - 3. What is n(1)?
-57
Let d(s) = -s**3 - 7*s**2 - 3*s - 13. Calculate d(-4).
-49
Let r(v) = 17*v - 386. Calculate r(22).
-12
Let s(u) = 14*u - 5. Give s(-10).
-145
Let n(r) = r**2 + 6*r + 15. What is n(-6)?
15
Let p(s) = -s**3 + 7*s**2 + 10*s - 11. Calculate p(8).
5
Let o(b) = 6*b**2 - 49*b. Calculate o(8).
-8
Let j(x) = -4*x**2 + 11*x + 7. Give j(7).
-112
Let g(m) = -m**2 + m + 10. Determine g(0).
10
Let l(w) = -w**3 + 11*w**2 - 26*w + 14. Calculate l(8).
-2
Let d(y) = 17*y + 218. What is d(-13)?
-3
Let i(f) = f**3 + 4*f**2 - 2*f - 6. What is i(-4)?
2
Let p(k) = -23*k - 1. Give p(-2).
45
Let x(r) = 6*r**3 - 2*r**2 + r. Give x(1).
5
Let b(c) = -c**3 - 18*c**2 - 25. Give b(-18).
-25
Let q(f) = f**3 - 5*f**2 - 12*f - 2. Determine q(7).
12
Let g(n) = 2*n**2 + 8*n - 18. What is g(-8)?
46
Let g(j) = -j**3 - j**2 + j + 2. Determine g(0).
2
Let y(a) = -3*a**3 - 81*a**2 - 79*a - 21. Calculate y(-26).
5
Let v(n) = n**2 - 2*n - 4. Give v(-2).
4
Let y(z) = -z**3 + z**2 - 8*z - 22. What is y(-3)?
38
Let n(z) = -17*z + 5. Give n(-2).
39
Let o(i) = 9*i + 1. Determine o(1).
10
Let q(b) = -b**2 - 3*b + 5. Give q(-5).
-5
Let f(n) = n**3 + n**2 - 7. Calculate f(0).
-7
Let g(f) = -14*f**2 + 4*f + 2. What is g(2)?
-46
Let r(h) = -4*h - 43. Give r(-2).
-35
Let f(w) = w**3 - 7*w**2 